t m(p) = 2*p**3 - 7*p**2 + 2*p + 1. What is the hundreds digit of m(6)?
1
Let p be 0 - 5*-1*1. Suppose 0 = p*h - 52 + 2. Let m = h + -3. What is the units digit of m?
7
Let h = 46 + 34. What is the tens digit of h?
8
Suppose v + 4 = 3*v. Let a = 13 - v. What is the tens digit of a?
1
Let x(i) = 2*i - 10. Let d be x(9). Suppose -4*f - 28 = -4*b, 3*f + 12 + 13 = 4*b. Let a = d + f. What is the units digit of a?
5
Let m = 9 + -3. Suppose t + m*d + 7 = 3*d, d + 19 = 3*t. What is the units digit of t?
5
Let g = -26 - -48. What is the units digit of g?
2
Suppose -3*c = -c. Let t(d) = -d + 3. Let r be t(c). Suppose 3*p - 60 = -3*a, 4*a - r*p = -p + 56. What is the tens digit of a?
1
Let o be (-2)/(-3) - 369/27. What is the units digit of -7 - o - (-1)/(-1)?
5
Let a = -103 + 188. What is the units digit of a?
5
Let k be (3/(-6))/((-2)/(-52)). Let o = -55 + 78. Let n = o + k. What is the tens digit of n?
1
Let c be 1*2*3/(-6). Let h(r) = -4*r + 1. What is the units digit of h(c)?
5
Let n(z) = -z**2 + 6*z + 7. Let j be n(7). Let m = j - -8. Let y = -4 + m. What is the units digit of y?
4
Suppose 5*q - 30 = -a, -6*q + 2*q = 2*a - 18. Let m = q - 2. Suppose o = -0*o + m. What is the units digit of o?
5
Let k = -2 + 2. What is the units digit of -1 + k + (-3 - -18)?
4
Suppose 3*n = -2*n - 105. What is the units digit of (-2)/7 + (-132)/n?
6
Suppose 2*v = -2*v - 5*n + 82, 5*v - 98 = -4*n. What is the units digit of v?
8
Suppose -5*y + 3*o + 2*o + 50 = 0, 3*y + 2*o - 40 = 0. Suppose -y = -2*s - 0*s. Suppose s*n - n - 25 = 0. What is the units digit of n?
5
Let j be (-7)/(21/(-30)) - 2. Suppose 8 = 4*y - 5*b + 2*b, 2*b = -j. Let a(l) = -5*l - 1. What is the units digit of a(y)?
4
Let f(h) = -h**2 - 3*h + 3. Let u be f(-4). Suppose 4*t - 1 - 3 = 0. Let q = t - u. What is the units digit of q?
2
Let b(o) = -20*o - 22. What is the tens digit of b(-9)?
5
Let p be (-1 - -13) + (1 - 1). Suppose d - 4*h = -3, -4*d - 2*h + 6*h + p = 0. What is the units digit of d?
5
Let d(z) = z**2 - 4. What is the units digit of d(6)?
2
Suppose -5 = 2*a - a. Let h(m) = -2*m - 5. Let g be h(a). Suppose -4*q = c + 2, -g*q - 1 + 2 = 3*c. What is the units digit of c?
2
Suppose -4*k - 3*n = -531, 3*k - 285 = k + 5*n. What is the tens digit of k?
3
What is the hundreds digit of (-1)/((-1578)/315 - -5)?
1
Suppose -24 = -4*s + 152. Suppose 0 = 5*v + 9 - s. What is the units digit of v?
7
Let m(u) = 10*u - 6. Let n be 20/6*6/5. Let t be m(n). What is the units digit of t/4 - (-1)/(-2)?
8
What is the units digit of 6/(-2) + (-63)/(-3)?
8
Suppose 3*i = -6 + 18. Let n(z) = 6*z - z**2 + 3*z**2 - 1 - i - z**2. What is the units digit of n(-7)?
2
Suppose z - 2*z + 32 = 0. What is the tens digit of z?
3
What is the units digit of 2/(-17) + ((-55270)/(-170) - -9)?
4
Suppose 2 = 3*l + 5. Let q be ((-4)/(-6))/(3/(-45)). What is the units digit of l + 0 + -1 - q?
8
Let w(i) = 3*i**3 + 2*i**2 - i - 2. Let r be w(-2). Let u = -6 - r. What is the tens digit of u?
1
Suppose -4*q = 4*a - q - 18, -5*a + 2*q + 11 = 0. What is the units digit of a?
3
Suppose -4*q - 12 = -0. What is the units digit of 86/4 + q/(-6)?
2
Let d be 4/(-6) + 112/(-3). Let o = 22 - 16. What is the units digit of (-2)/o + d/(-6)?
6
Suppose p = -3*u + 2*u + 42, 0 = -3*u + p + 118. Suppose u + 48 = 4*r. What is the tens digit of r?
2
Suppose -3*i - 48 = i. Let z = i + 18. What is the units digit of z?
6
Let o(a) be the third derivative of 13*a**5/120 + a**4/24 - a**3/6 - 2*a**2. Let b(u) be the first derivative of o(u). What is the tens digit of b(1)?
1
Let f = 5 + -2. Let z = -32 + 48. Suppose w + f*w = z. What is the units digit of w?
4
What is the tens digit of 1*(-3)/(-15) - (-1128)/10?
1
Suppose 7*x + 212 = 11*x. What is the tens digit of x?
5
Suppose 0 = 4*n - 27 + 7. Suppose -2*z = n*y + 15, -10 = 3*y + 5. What is the units digit of z?
5
Let n be 2 - (3 - (-2 + 3)). Suppose 0 = -2*y - n*y + 128. Suppose 6*u - 2*u = y. What is the units digit of u?
6
Let r = -4 + 6. Let f = 5 - r. Suppose 0*t - f*t - 3*i + 18 = 0, 3*t = -4*i + 15. What is the units digit of t?
9
Let q = 221 + -133. What is the units digit of q?
8
Let c = -1 + 7. Let q be (1 + 1)/1*1. Suppose -c = -q*z - 0. What is the units digit of z?
3
Let l(s) = s + 1. Let v be l(1). Suppose -9 = -v*g + 11. What is the units digit of g?
0
Let c(i) = -i**3 + 4*i**2 + 5. Let z be c(4). Suppose z*f - 20 = -0. What is the units digit of f/4*(2 - -1)?
3
Let y = -37 + 95. What is the units digit of y?
8
Let p = -9 - -27. Let o = -9 + p. What is the units digit of o?
9
Let q be ((-14)/8)/(2/(-8)). Let u be (1/(-2))/((-2)/12). Suppose 4 = -u*p + q. What is the units digit of p?
1
What is the units digit of (-1788)/(-39) + 6/39?
6
Let r = -9 - -14. Suppose r*j - 22 = 53. What is the units digit of j?
5
What is the tens digit of (-19 + -1)/1*(-221)/52?
8
Suppose -d = -0*d - 5. Let u = d + 9. What is the tens digit of u?
1
Let x be -1 - (8/(-2) - -2). Let r be x + 2/(-1)*-17. Suppose 0*d = 5*d - r. What is the units digit of d?
7
Let j(p) = -31*p**3 - p**2 - 2*p - 1. What is the tens digit of j(-1)?
3
What is the tens digit of (-2313)/(-36) - (-2)/(-8)?
6
Suppose r - 2 = 8. Suppose r = 2*j - j. Suppose j + 16 = 2*f. What is the tens digit of f?
1
Let u = 16 + -16. Suppose l - d - 29 = u, d + 2*d = l - 19. What is the tens digit of l?
3
Let c(b) = -19*b**2 - b**3 - 17*b + 15 + 5 - 1 + 4. What is the units digit of c(-18)?
5
Let r(q) = 5*q**3 - q**2 - 4*q + 4. Let g be r(3). Suppose 3*z - 147 = -5*h, -h - 3*h + g = 2*z. What is the tens digit of h?
3
What is the units digit of (-1 - (-6)/3) + 27?
8
Let r = -4 + 9. Let v(g) = -g**2 + 5*g + 6. Let f be v(r). Let m(a) = a**2 - 5*a - 3. What is the units digit of m(f)?
3
Suppose 0 = 4*r - r - 2*u - 478, 0 = r + 2*u - 146. What is the tens digit of r?
5
Let c = 2 + -2. Suppose -v - v + 8 = c. Suppose -5*h - 3*r + 14 = 0, -13 = 6*h - 7*h - v*r. What is the units digit of h?
1
Let g(p) = -5*p - 2. Let o be g(-3). Suppose -b = -0*b - 2*i - 27, 4*i = -4*b + 72. Let w = b - o. What is the units digit of w?
8
Suppose -2*n = -n - 27. What is the tens digit of n?
2
Suppose -661 = -3*n - 4*w, 6*w - 3*w = 4*n - 898. What is the units digit of n?
3
Suppose 1403 - 4857 = -11*p. What is the hundreds digit of p?
3
What is the tens digit of (-815)/(-20) + 3/12?
4
Suppose -j + 21 = -109. What is the units digit of j?
0
Suppose t + 4*t = 190. Suppose h - 4*l - t = -h, 20 = -4*l. What is the units digit of h?
9
Suppose -y = -5*y + 20. Suppose 3*t - 1 = -y*f - 7, -3*f - 4*t = -3. Let l = f - -19. What is the tens digit of l?
1
Let j be 1 + (1 - (1 - -2)). Let o = 2 - j. What is the units digit of o?
3
Let n be ((-3)/2)/3*-6. Let j = 5 - n. Suppose 5*v - 4 = -i, 0 = -j*i + 5*v + 6 + 17. What is the units digit of i?
9
Suppose -7*o + 3*o = 244. Let s = -31 - o. What is the units digit of s?
0
Suppose -4*z = -29 + 1. What is the units digit of z?
7
Let i(o) = 108*o**2 - 2*o + 1. Let f be i(1). Suppose -g + 5*g + 36 = 2*u, g = 4*u - f. What is the units digit of u?
8
Let q(o) = o**2 + o + 4. Let a be -1*(0 - (0 + 0)). Let f be q(a). Suppose -15 = 3*l - 8*l + 5*t, -f*t + 44 = 3*l. What is the units digit of l?
8
Let t = 165 - 94. What is the units digit of t?
1
Suppose 0 = f - 3*m - 10, -8 - 12 = -4*m. What is the units digit of f?
5
Let s = 6 - 6. Suppose 2*f = -5*t + 78, -2*t + 3*f + 35 = -s*t. What is the tens digit of t?
1
Suppose 0 = f - 3 - 4. Suppose 3*v = f - 1. What is the units digit of 5/(0/v - -1)?
5
Suppose 90 = -3*f + 348. Let i = -48 + f. What is the tens digit of i?
3
Let p(k) = -k**3 - 2*k**2 + 3*k + 4. Let m be p(-3). What is the units digit of 2 - (-18)/(m - 1)?
8
What is the hundreds digit of -495*(-2)/8 - 1/(-4)?
1
Suppose -4*i + 10 = -46. Let a be i/4*(3 + -5). Let g = a - -10. What is the units digit of g?
3
Let v(n) = n**2 - 2*n + 9. Let w be v(-4). Suppose -5*b - 5 = 0, -w - 16 = -4*h - 3*b. What is the units digit of h?
3
Let w = -88 + 188. What is the hundreds digit of w?
1
Suppose o = -5*s + 362, 2*s - 6*o - 138 = -3*o. What is the units digit of s?
2
Let l(t) = t**2 + 4*t - 5. Let o be l(-5). Suppose -3*p - 2*p + 105 = o. What is the units digit of p?
1
Let b = 480 + -275. What is the tens digit of b?
0
Let j(i) = -2*i**3 - 3*i. What 